e g(-5).
-11
Let d(f) = -f**3 + 22*f**2 - 15. Calculate d(22).
-15
Let b(h) = 3*h + 37. Give b(-8).
13
Let q(c) = -c**3 - c**2 - 4*c - 3. What is q(0)?
-3
Let p(d) = d**3 - 3*d**2 - d + 4. Give p(0).
4
Let b(t) = -11*t - 6. Determine b(-5).
49
Let u(b) = -2*b**2 + 11*b - 5. Calculate u(7).
-26
Let w(h) = -h**2 + 17*h - 67. Calculate w(5).
-7
Let t(s) = -s**3 + 4*s**2 + 2*s + 1. Determine t(4).
9
Let w(b) = -b**2 + 63. Give w(8).
-1
Let g(p) = -14*p + 96. What is g(8)?
-16
Let v(f) = f**3 + 9*f**2 + f + 3. Calculate v(-9).
-6
Let k(j) = -j + 4. What is k(14)?
-10
Let u(v) = -v**2 - v + 3. Give u(0).
3
Let y(i) = i**2 - 4*i + 11. Calculate y(0).
11
Let k(y) = -y**2 + 9*y - 4. What is k(8)?
4
Let u(a) = 3*a**2 + 6*a - 2. What is u(-3)?
7
Let v(c) = 3*c**2 - c - 2. Calculate v(-2).
12
Let t(i) = -3*i + 33. Calculate t(14).
-9
Let d(h) = 19*h + 54. Calculate d(-3).
-3
Let t(w) = -w**3 - 29*w**2 - 51*w + 81. Calculate t(-27).
0
Let j(m) = -m**2 - 14*m + 6. Calculate j(-17).
-45
Let h(x) = x**3 - 8*x**2 - 3*x + 2. What is h(9)?
56
Let q(v) = 2*v**2 + 12*v - 2. Give q(-5).
-12
Let g(n) = -n**3 + 8*n**2 - 6*n + 2. Give g(6).
38
Let o(j) = -j - 7. What is o(-6)?
-1
Let d(q) = q**3 + 15*q**2 - 15*q + 24. Give d(-16).
8
Let s(l) = -5*l + 65. Give s(13).
0
Let l(v) = -12*v + 1. Determine l(1).
-11
Let o(i) = 2*i**3 + 7*i**2 + 6*i + 2. Calculate o(-3).
-7
Let y(x) = 8*x + 77. What is y(-13)?
-27
Let s(y) = y**3 + 89*y**2 - 79*y + 991. Give s(-90).
1
Let p(a) = a**2 + 20*a - 5. What is p(-20)?
-5
Let b(s) = -s**3 - 10*s**2. Determine b(-10).
0
Let h(s) = 16*s - 122. Determine h(9).
22
Let o(f) = -6*f + 8. Give o(2).
-4
Let k(u) = -u**3 - 17*u**2 - 40*u + 24. What is k(-14)?
-4
Let n(q) = 69*q - 416. Determine n(6).
-2
Let s(x) = 7*x**2 - 4*x + 2. Calculate s(2).
22
Let m(f) = f**3 - 18*f**2 + f - 16. Calculate m(18).
2
Let h(v) = -9*v**2 - v. Calculate h(-1).
-8
Let j(q) = q**3 + 3*q**2 - 2. Determine j(2).
18
Let i(p) = -p**2 - 9*p - 10. Calculate i(-8).
-2
Let p(x) = -7*x + 351. Calculate p(49).
8
Let c(m) = m**2 + 48*m + 180. Give c(-44).
4
Let g(c) = 7*c - 98. Calculate g(13).
-7
Let c(t) = -4*t - 8. Give c(-3).
4
Let m(i) = 16*i - 13. What is m(-1)?
-29
Let o(z) = -8*z + 9. Calculate o(6).
-39
Let r(k) = -k**3 - k**2 - 10*k + 14. Give r(2).
-18
Let g(l) = 5*l + 21. Give g(4).
41
Let u(x) = 7*x + 85. Give u(-12).
1
Let u(a) = -a**3 + 20*a**2 + 159*a - 90. What is u(26)?
-12
Let t(v) = v**2 - 7*v - 1. What is t(5)?
-11
Let l(o) = -o**3 - 5*o**2 - 3*o + 1. Give l(-4).
-3
Let i(v) = -5*v + 9. Give i(7).
-26
Let c(q) = 20*q + 7. Determine c(-3).
-53
Let j(d) = d**2 - 5*d - 6. Calculate j(6).
0
Let g(p) = -p**2 - 2*p + 3. Calculate g(-4).
-5
Let z(x) = x + 10. Calculate z(-10).
0
Let h(l) = 10*l + 3. Determine h(-5).
-47
Let t(w) = -w + 3. Determine t(10).
-7
Let j(v) = -v**3 - 6*v**2 - 47*v - 120. Determine j(-3).
-6
Let c(l) = -l**2 - 4*l + 34. Calculate c(8).
-62
Let l(d) = -d**2 + 42*d - 324. What is l(32)?
-4
Let x(q) = -191*q - 4. Determine x(0).
-4
Let u(r) = r**2 + 5*r + 5. Determine u(-3).
-1
Let g(x) = x**2 + 6*x - 9. What is g(-8)?
7
Let d(s) = s**3 - 15*s**2 + 4. Give d(15).
4
Let y(a) = 2*a**2 + 10*a + 1. Calculate y(-7).
29
Let i(s) = -s. Determine i(5).
-5
Let x(q) = 17*q + 71. Determine x(-5).
-14
Let p(d) = -2*d**2 - 27*d - 69. Determine p(-10).
1
Let t(k) = -3*k - 27. Calculate t(0).
-27
Let j(y) = -18*y**3 + 2*y**2 - y - 3. Give j(-2).
151
Let u(a) = -a**2 + 27*a + 20. Determine u(26).
46
Let l(i) = -2*i - 3. Give l(3).
-9
Let b(t) = t**3 - 88*t**2 + 253*t + 165. Determine b(85).
-5
Let y(t) = -4*t + 8. Calculate y(4).
-8
Let j(l) = -l**3 + 9*l**2 - 10*l - 1. Calculate j(6).
47
Let d(g) = -5*g**3 - 2*g**2 + g. Calculate d(1).
-6
Let y(x) = -3*x + 63. Calculate y(23).
-6
Let y(d) = 2*d**2 - 17*d + 16. What is y(7)?
-5
Let t(x) = -x**2 + 31*x + 177. Determine t(35).
37
Let i(o) = -92*o - 455. What is i(-5)?
5
Let d(p) = p - 8. Give d(-11).
-19
Let o(a) = 16*a - 51. Give o(4).
13
Let l(k) = k**2 + 2*k - 1. Give l(0).
-1
Let t(h) = 2*h - 10. Give t(5).
0
Let g(j) = 2*j**3 + 5*j**2 + 4*j - 1. Give g(-2).
-5
Let k(j) = -11*j**2 + 5. Calculate k(-2).
-39
Let q(b) = 12*b - 70. What is q(8)?
26
Let l(s) = -s**2 + 7*s - 34. Give l(9).
-52
Let d(y) = y**2 - 13*y - 9. Calculate d(14).
5
Let g(h) = 6*h - 4. Determine g(8).
44
Let g(c) = -8*c + 50. Calculate g(6).
2
Let m(j) = -2*j - 13. What is m(7)?
-27
Let y(n) = -n**3 + 5*n**2 - n - 5. Give y(4).
7
Let x(z) = z - 50. What is x(18)?
-32
Let j(l) = -12*l**3 - l**2 + 2*l - 1. What is j(1)?
-12
Let u(m) = -10*m**2 + 8*m + 18. What is u(-2)?
-38
Let u(h) = h**2 - 8*h + 5. Calculate u(7).
-2
Let s(i) = -i**3 - 2*i**2 - 5*i - 3. Calculate s(-3).
21
Let s(u) = -10*u - 198. Give s(-20).
2
Let y(a) = -a**3 - 4*a**2 + 2*a + 4. Calculate y(-4).
-4
Let x(r) = r**2 - 16*r - 40. What is x(9)?
-103
Let j(l) = -l**2 - 7*l + 2. Calculate j(-7).
2
Let q(m) = -2*m**3 + 4*m**2 + 64*m + 41. Give q(7).
-1
Let v(r) = -r**2 - 9*r + 5. Determine v(-10).
-5
Let j(y) = y**3 - 30*y**2 + 28*y + 27. Give j(29).
-2
Let a(w) = -w**2 - 11*w + 77. Give a(-16).
-3
Let z(d) = -5*d**2 - 3*d - 2. Calculate z(4).
-94
Let p(m) = 3*m**3 - 10*m**2 + 3*m - 2. What is p(3)?
-2
Let y(d) = d**2 - 19*d + 32. Determine y(17).
-2
Let u(i) = -4*i - 7. Give u(-1).
-3
Let c(v) = -2*v**2 + 5*v - 4. What is c(4)?
-16
Let z(y) = -6*y + 6. Determine z(4).
-18
Let m(x) = -31*x**2 - 2*x. What is m(-1)?
-29
Let o(y) = -5*y + 117. Calculate o(0).
117
Let o(w) = -w**3 - 6*w**2 + 9*w + 7. Give o(-7).
-7
Let l(w) = -w**2 + 3*w + 14. What is l(7)?
-14
Let i(b) = b**3 - 6*b**2 + 2*b - 9. Determine i(6).
3
Let o(a) = a**3 + a**2 - 4*a + 3. Determine o(2).
7
Let o(x) = -x**2 - 2*x - 1. Determine o(-1).
0
Let w(h) = -21*h - 60. Calculate w(-2).
-18
Let n(q) = -5*q + 17. Determine n(5).
-8
Let j(i) = i - 7. Determine j(6).
-1
Let k(s) = s**3 + 5*s + 11. What is k(-2)?
-7
Let f(y) = 7*y + 165. Calculate f(-22).
11
Let m(h) = -50*h - 348. What is m(-7)?
2
Let i(z) = 11*z + 84. What is i(-10)?
-26
Let u(z) = -2*z**3 + 22*z**2 + z - 14. Calculate u(11).
-3
Let p(b) = -b**2 + 12*b + 25. What is p(14)?
-3
Let a(p) = 2*p + 2. Determine a(6).
14
Let h(b) = 13*b + 406. What is h(-32)?
-10
Let r(y) = -y**3 + 7*y**2 - y + 8. Calculate r(7).
1
Let j(c) = -2*c - 10. What is j(-6)?
2
Let x(h) = 7*h - 7. Give x(5).
28
Let n(z) = -13*z**2 - 2*z - 1. Determine n(-1).
-12
Let r(v) = 12*v + 7. Give r(-3).
-29
Let m(z) = -3*z**3 + 5*z**2 - 7*z + 8. Determine m(3).
-49
Let y(q) = q + 19. Calculate y(17).
36
Let z(q) = 13*q - 158. Determine z(12).
-2
Let y(r) = r**2 + r - 4. Give y(-6).
26
Let k(h) = -17*h**3. Determine k(-1).
17
Let u(h) = -2*h**2 + 5*h - 5. Calculate u(2).
-3
Let l(s) = 4*s**3 + 17*s**2 + 3*s - 3. What is l(-4)?
1
Let p(s) = -9*s - 35. Determine p(-5).
10
Let w(m) = -m**3 - 20*m**2 - 21*m - 39. Determine w(-19).
-1
Let j(x) = x**3 + 4*x**2 - 14*x + 4. What is j(-6)?
16
Let o(a) = 10*a + 213. Determine o(-21).
3
Let s(u) = -3*u + 6. Calculate s(-8).
30
Let l(x) = 4*x**3 - 20*x**2 + 3*x - 9. Determine l(5).
6
Let y(x) = x**2 + x - 22. Determine y(-10).
68
Let j(i) = 3*i - 2. Determine j(-2).
-8
Let a(j) = 4*j - 29. What is a(6)?
-5
Let p(t) = 2*t**2 - 42*t + 50. Calculate p(21).
50
Let k(x) = -x**3 + 6*x**2 + 28*x - 9. Determine k(9).
0
Let h(n) = n**3 + 22*n**2 + 21*n + 3. Calculate h(-21).
3
Let o(z) = z**2 - 7*z + 9. Calculate o(5).
-1
Let s(d) = -d**3 + 10*d**2 + 41*d - 32. Calculate s(13).
-6
Let o(n) = n**3 - 33*n**2 + 31*n + 30. Give o(32).
-2
Let o(x) = x**3 - 19*x**2 + 34*x + 22. Give o(17).
22
Let a(b) = -10*b - 2. Determine a(1).
-12
Let x(m) = -m - 1. What is x(10)?
-11
Let x(m) = -2*m**3 + m**2 - 2*m - 12. What is x(0)?
-12
Let b(i) = 3*i**2 - 4*i - 11. Determine b(0).
-11
Let f(g) = -g**3 + 9*g**2 + 2*g - 3. Calculate f(9).
15
Let i(s) = s**2 - 13*s + 39. What is i(6)?
-3
Let w(t) = -t**2 + 8*t + 38. Calculate w(12).
-10
Let c(g) = 17*g + 1. Determine c(-4).
-67
Let w(j) = -3*j**3 - 2*j**2 - 2*j + 4. Give w(1).
-3
Let h(w) = -8*w + 1. Determine h(1).
-7
Let k(t) = t**2 - 4*t - 2. Calculate k(6).
10
Let t(a) = a + 29. Calculate t(-11).
18
Let w(t) = t**3 - 8*t**2 + 9*t + 7. What is w(7)?
21
Let n(v) = -16*v + 2. What is n(-1)?
18
Let z(g) = 2*g**3 - 16*g**